of d.
2, 13
Let p = -324 - -345. What are the prime factors of 3*2/18 + 2639/p?
2, 3, 7
Let k = 9007 - 5845. Suppose 314 = -4*o + k. Suppose -3*p - o = -5*z, -4*p + p = 12. List the prime factors of z.
2, 5, 7
Let d(p) = 377*p + 5623. What are the prime factors of d(0)?
5623
Let i be 5/((-40)/12)*2760. Let w = -2938 - i. List the prime factors of w.
2, 601
Let p(d) = -d**2 + 17*d + 15. Let r be p(19). Let n = r - -19. What are the prime factors of 45 + 3 + n + 1?
3, 5
Let t be (-1005)/(-27) + -2 + (-16)/72. Suppose -4*u = -2*k + 14, 4*u - t = -2*k + u. What are the prime factors of k?
13
Let g = -89 + 93. Suppose 2*d = z - 14, z - g = -3*z - 5*d. Let t = 111 - z. What are the prime factors of t?
3, 5, 7
Let i(l) be the third derivative of -l**5/60 - 49*l**4/24 + l**3/3 - 5*l**2 - 8. List the prime factors of i(-25).
2, 7, 43
Suppose -s + 804 = 3*s. Suppose 5*f + 1518 - 1703 = 0. Let d = s - f. List the prime factors of d.
2, 41
Suppose 5*i = 15181 - 1701. What are the prime factors of i?
2, 337
Let w be 321*((-2)/(-4))/(2/(-4)). Let u = w + 521. List the prime factors of u.
2, 5
Let y(n) = 2*n**2 - 58*n - 12. Let f be y(29). What are the prime factors of (-117)/3*88/f?
2, 11, 13
Let s be -8*4 - (0 - (-6)/(-3)). What are the prime factors of s/(-4)*(-7384)/(-78)?
2, 5, 71
Let m be (-9)/(-3) - ((-4)/(-4) - 4). Suppose -14*z + 2456 = -m*z. List the prime factors of z.
307
Suppose -4074895 - 1874085 = -223*w + 2236012. List the prime factors of w.
2, 31, 37
Suppose -5*f - 29*g + 51595 = -28*g, -2*g = -4*f + 41276. What are the prime factors of f?
17, 607
Let a(x) = -x**3 - 17*x**2 - 24*x - 383. What are the prime factors of a(-22)?
3, 5, 19
Suppose -431244 = -68*t + 884216. What are the prime factors of t?
5, 53, 73
Let g(l) = -l**2 - l + 17. Let v be g(-11). Suppose 0 = 4*p + 20, 3*a = 2*a - 3*p - 44. Let d = a - v. What are the prime factors of d?
2
Suppose 5*c + 2*z + 16 + 1 = 0, -z + 24 = -4*c. List the prime factors of (3 + -13)/(c*12/4710).
5, 157
Suppose -18266 = -6*r - 9*r + 17509. What are the prime factors of r?
3, 5, 53
Let a be (200/16)/(-1 - (-21)/18). Suppose 5*x = 2*l + 7, 4*l - 7 = 4*x - x. Let f = a + x. List the prime factors of f.
2, 3, 13
Let q(w) be the second derivative of 11*w**4/12 - 5*w**3/2 - w**2 + 199*w. List the prime factors of q(8).
2, 3, 97
Let k(i) = -103*i - 72. Let y be k(-4). Let f = 652 - y. What are the prime factors of f?
2, 3, 13
Let v = 98 + -557. Let k = 163 - v. List the prime factors of k.
2, 311
Suppose 3*q - 2 = 4, 0 = -2*w - 5*q + 12. Let m be (-10)/10 + 109*(2 - w). Suppose 0*l + 9 = -3*l, 0 = -3*r + 4*l + m. What are the prime factors of r?
2
Let m = 456 + -454. Suppose -m*k = 4, -5*n - 8*k + 6356 = -6*k. List the prime factors of n.
2, 3, 53
Let d = 3638 - -2780. What are the prime factors of d?
2, 3209
List the prime factors of (-19)/((-40790)/4532 - (-225)/25).
2, 11, 19, 103
Let d be (-22 + 14)*2/(-4). Let w be 4 - (12/d + -2). Suppose -w*u - 293 = -3*o - u, u = -o + 91. What are the prime factors of o?
5, 19
Let n be 1 + 1 + (-4*8)/(-4). Let a be 30162/55 + (-4)/n. Suppose 5*f = -z - 99 + a, 4*f + 2*z = 358. What are the prime factors of f?
2, 3, 5
Suppose -11*d - 2 = -12*d. Suppose -3*l = -g - 0*g - 13, -3*g = -5*l + 19. Suppose d*h + g*c - 162 = 0, 4*c - 79 - 165 = -3*h. List the prime factors of h.
2, 5
What are the prime factors of (10*(-180372)/(-60) - -13) + 1?
2, 73, 103
Suppose -2*h = 3*p - 6832, 3*h - 337 - 8771 = -4*p. What are the prime factors of p?
2, 3, 5, 19
Suppose -20 = -0*k + 4*k. Let t be k/2*(-32)/20. List the prime factors of 44/(4 - 0) + t.
3, 5
Suppose 2438 - 456 = 2*s. Suppose 4*c + s = 5*x, 5*x - 6*x + 2*c = -197. What are the prime factors of x?
199
Suppose -26215 = -5*b + 19920. What are the prime factors of b?
9227
Suppose 427 = -i - 390. Let o = i - -1163. What are the prime factors of o?
2, 173
Suppose -30*h + 34*h = 8. Suppose 0 = -4*m - 3*b + 3629, 4*b - 3628 = h*m - 6*m. What are the prime factors of m?
2, 227
Let i = 33 + -33. Suppose 4*z + 0*z - 18444 = -3*f, 4*f + 16 = i. List the prime factors of 4/22 + z/33 + -2.
2, 3, 23
Suppose -3*w + 2*k = -36717, 7*w - 12*w = -k - 61188. What are the prime factors of w?
3, 4079
What are the prime factors of 120164182/8350 - 2/(-25)?
3, 13, 41
Let x = -2 - -4. Suppose 3 = -5*v + 3*s, -v = x*v + 3*s - 3. Suppose -18 = -2*o - v*o. List the prime factors of o.
3
Suppose 4*h = -12, -4*f + 572 = -h - 5375. Suppose -290 = -u + 4*y, 27*u - f = 22*u + 2*y. List the prime factors of u.
2, 149
Suppose 3*v - 4*s = -0*v + 532, 3*s - 6 = 0. Let f be ((-2)/6)/(15/v). What are the prime factors of (-1160)/(-15) + f/12?
7, 11
Suppose 7*p - 8 = -22. Let m = -3 - -2. What are the prime factors of (-4 + 198)*m/p?
97
What are the prime factors of (-1)/((2/10)/(10 + 44967/(-15)))?
14939
Suppose 29*w - 5708494 = -166*w - 118*w. What are the prime factors of w?
2, 11, 829
Let z be (-6834)/(-187) + (-6)/11. What are the prime factors of (-7)/((-294)/z)*301?
2, 3, 43
Let i(p) = p**3 + 16*p**2 - 4*p - 13. Let r be i(-14). Let x = -250 + r. What are the prime factors of x?
5, 37
Suppose -d = 7, -14*y - 45965 = -17*y - 4*d. What are the prime factors of y?
15331
List the prime factors of 2327448/96 + (-105)/(-28) + -4.
2, 11, 19, 29
Let a be 11/6*3*2. Let z(u) be the first derivative of u**4/4 - 4*u**3 + 27*u**2/2 - u + 85. List the prime factors of z(a).
5, 7
Suppose 10 = -3*c + 4*l + 2, -2*l - 10 = -5*c. Let p be (c/(-8))/(2/(-20)). Suppose 3*d - 312 = 3*t, 4*d - p*t = d + 314. List the prime factors of d.
103
Let x(u) = u**3 - u**2 + 34. Let n be x(0). Suppose -4*s - 10 = -n. Suppose s*b = 609 + 261. List the prime factors of b.
5, 29
Let l(x) = 9*x + 23*x**2 - 24*x**2 + 5 - 2*x**3 - 2. Let v be l(-4). Suppose -109 = -p + v. List the prime factors of p.
2, 47
Suppose 0 = -2*a - 5*k + 20158, 3*a - 37*k + 33*k - 30260 = 0. List the prime factors of a.
2, 2521
Suppose 0 = -2*w + i + 9, -17*w + 5*i = -15*w - 21. What are the prime factors of (-4)/26 + w/((-390)/(-140030))?
3, 359
Suppose 2*q + 22 = -q - 5*i, -4*q + 2*i = -14. Let v be (q - -1) + (-12)/1. What are the prime factors of v/2 + (-699)/(-3)?
2, 3, 19
Let p be 1100/12 + 5/15. Suppose 0 = 3*q + p + 10. Let o = q - -109. What are the prime factors of o?
3, 5
Let c be (15/9)/((-2)/(-6)). Suppose 0 = -3*a - 3*o + 1173, 7*a = 6*a - c*o + 375. What are the prime factors of a?
5, 79
Let i = 108 - 200. Let z = 95 + i. Suppose 0 = 2*o + 2*o + 3*t - 818, 0 = -z*o + 3*t + 624. List the prime factors of o.
2, 103
Let w(y) = 5*y - 36. Let x be w(8). Let k(o) = x*o + 8 + 2*o**2 + 3*o - 19*o + 3*o. What are the prime factors of k(-8)?
2, 13
Let p(j) = 3*j. Let x be p(10). Suppose 31*y - 3 = x*y. Let v(r) = 2*r**3 - 3*r**2 + 2. List the prime factors of v(y).
29
Suppose -42*h + 148380 = -156624. List the prime factors of h.
2, 3631
What are the prime factors of 7/(28/(-8)) + (-45 - -5440)?
5393
Suppose 0 = 21*k + 7*k - 227472. Suppose k = 23*g - 24674. List the prime factors of g.
2, 23, 31
Let f(r) = -21*r - 268. Let m be f(-13). Let o(q) = 3*q**3 - 3*q**2 - 6*q + 22. List the prime factors of o(m).
2, 73
Let a = 76721 - 35862. List the prime factors of a.
7, 13, 449
Suppose -13 = -4*f + 3. Suppose 0 = -f*k + 2669 + 2431. List the prime factors of k.
3, 5, 17
Suppose -2*o + 2*j = o + 504, o + 175 = 3*j. Let g = -59 - o. What are the prime factors of g?
107
Suppose 47 = t + 265. Let d be 14018/(-38) + (-14)/133. Let s = t - d. What are the prime factors of s?
151
Let v(l) = l**3 + 4*l**2 - 4. Let f be v(-3). Let b = f + -3. Suppose -y - 4*r = -72, 2*r + 26 = b*y - 168. List the prime factors of y.
2, 23
Suppose 4*t - 5*q = 40433 + 39540, -4*q + 28 = 0. What are the prime factors of t?
2, 73, 137
Let i = -4355 + 3032. Suppose 58 = 5*p + 4*a, 8 = -2*a + 2. What are the prime factors of p/(-3)*i/42?
3, 7
Suppose 29*k - 108 = -21. Suppose 5*u + 1613 + 366 = 4*v, -3*u + 1518 = k*v. List the prime factors of v.
3, 167
Let p(n) = -5 - 1 + 9*n + 4*n - 28*n + n**2. List the prime factors of p(21).
2, 3, 5
Let b(y) be the third derivative of 0*y + 17/24*y**4 + 0 + 11/6*y**3 + 21*y**2. What are the prime factors of b(3)?
2, 31
Suppose 614262 = 131*w + 96375 - 490158. What are the prime factors of w?
3, 5, 19
Wh